{"id":652,"date":"2019-11-20T22:56:34","date_gmt":"2019-11-20T22:56:34","guid":{"rendered":"http:\/\/streetevangelization.com\/hiromoto\/?page_id=652"},"modified":"2020-02-03T21:24:25","modified_gmt":"2020-02-03T21:24:25","slug":"equipo","status":"publish","type":"page","link":"https:\/\/streetevangelization.com\/hiromoto\/es\/inicio\/equipo\/","title":{"rendered":"Equipo"},"content":{"rendered":"<p>[et_pb_section fb_built=&#8221;1&#8243; _builder_version=&#8221;4.0.2&#8243;][et_pb_row _builder_version=&#8221;4.0.2&#8243; background_color=&#8221;#003ba3&#8243;][et_pb_column type=&#8221;4_4&#8243; _builder_version=&#8221;4.0.2&#8243;][et_pb_text _builder_version=&#8221;4.0.2&#8243; header_text_color=&#8221;#ffffff&#8221;]<\/p>\n<h1 style=\"text-align: center\">Greater Orlando<\/h1>\n<p>[\/et_pb_text][\/et_pb_column][\/et_pb_row][et_pb_row column_structure=&#8221;2_5,3_5&#8243; _builder_version=&#8221;4.0.2&#8243;][et_pb_column type=&#8221;2_5&#8243; _builder_version=&#8221;4.0.2&#8243;][et_pb_image src=&#8221;http:\/\/streetevangelization.com\/hiromoto\/files\/2019\/06\/1-SPSELogoHorizontal1-300&#215;84.png&#8221; align=&#8221;center&#8221; _builder_version=&#8221;4.0.3&#8243;][\/et_pb_image][\/et_pb_column][et_pb_column type=&#8221;3_5&#8243; _builder_version=&#8221;4.0.2&#8243;][et_pb_text _builder_version=&#8221;4.0.6&#8243;]<\/p>\n<p>El equipo de Greater Orlando sale en varias partes de Orlando cada mes para tener la oportunidad de encontrarse con personas en toda la ciudad. Para involucrarse con este equipo, complete nuestro <strong>Involucrarse <\/strong>p\u00e1gina.<\/p>\n<p>[\/et_pb_text][et_pb_button button_url=&#8221;http:\/\/www.streetevangelization.com\/hiromoto\/get-involved&#8221; button_text=&#8221;Involucrarse&#8221; _builder_version=&#8221;4.0.6&#8243; custom_button=&#8221;on&#8221; button_text_color=&#8221;#003ba3&#8243; button_font=&#8221;Montserrat||||||||&#8221;][\/et_pb_button][\/et_pb_column][\/et_pb_row][\/et_pb_section][et_pb_section fb_built=&#8221;1&#8243; disabled_on=&#8221;off|off|off&#8221; _builder_version=&#8221;4.2.2&#8243; custom_padding=&#8221;25px||23px|||&#8221; hover_enabled=&#8221;0&#8243;][et_pb_row _builder_version=&#8221;4.0.2&#8243;][et_pb_column type=&#8221;4_4&#8243; _builder_version=&#8221;4.0.2&#8243;][et_pb_text _builder_version=&#8221;4.2.2&#8243; header_2_font=&#8221;Karla|700|||||||&#8221; header_2_text_color=&#8221;#003ba3&#8243; custom_margin=&#8221;||47px|||&#8221; hover_enabled=&#8221;0&#8243;]<\/p>\n<h2 style=\"text-align: center\">Cuentos del Equipo<\/h2>\n<p>[\/et_pb_text][et_pb_post_slider include_categories=&#8221;69&#8243; _builder_version=&#8221;4.2.2&#8243; hover_enabled=&#8221;0&#8243; use_bg_overlay=&#8221;off&#8221; use_text_overlay=&#8221;on&#8221; text_overlay_color=&#8221;rgba(0,0,0,0.75)&#8221; text_border_radius=&#8221;13px&#8221; custom_button=&#8221;on&#8221; button_bg_color=&#8221;rgba(0,0,0,0.54)&#8221; button_bg_enable_color=&#8221;on&#8221; more_text=&#8221;Leer Mas&#8221;][\/et_pb_post_slider][et_pb_text _builder_version=&#8221;4.2.2&#8243; text_font_size=&#8221;16px&#8221; link_text_color=&#8221;#003ba3&#8243; hover_enabled=&#8221;0&#8243;]<\/p>\n<p>Para leer m\u00e1s sobre mis encuentros adem\u00e1s del equipo, <a href=\"http:\/\/www.streetevangelization.com\/hiromoto\/es\/cuentos\">haga clic aqu\u00ed.<\/a><\/p>\n<p>[\/et_pb_text][\/et_pb_column][\/et_pb_row][\/et_pb_section][et_pb_section fb_built=&#8221;1&#8243; disabled_on=&#8221;on|on|on&#8221; _builder_version=&#8221;4.0.3&#8243; custom_padding=&#8221;0px|||||&#8221; disabled=&#8221;on&#8221;][et_pb_row _builder_version=&#8221;4.0.2&#8243; custom_padding=&#8221;8px|||||&#8221;][et_pb_column type=&#8221;4_4&#8243; _builder_version=&#8221;4.0.2&#8243;][et_pb_text _builder_version=&#8221;4.0.2&#8243;]<\/p>\n<h2 style=\"text-align: center\"><strong>Other Orlando Teams<\/strong><\/h2>\n<p>[\/et_pb_text][\/et_pb_column][\/et_pb_row][et_pb_row column_structure=&#8221;1_2,1_2&#8243; _builder_version=&#8221;4.0.2&#8243;][et_pb_column type=&#8221;1_2&#8243; _builder_version=&#8221;4.0.2&#8243;][et_pb_button button_text=&#8221;Downtown Orlando&#8221; button_alignment=&#8221;center&#8221; _builder_version=&#8221;4.0.3&#8243; custom_button=&#8221;on&#8221; button_text_color=&#8221;#003ba3&#8243; button_font=&#8221;Montserrat||||||||&#8221;][\/et_pb_button][\/et_pb_column][et_pb_column type=&#8221;1_2&#8243; _builder_version=&#8221;4.0.2&#8243;][et_pb_button button_text=&#8221;Other&#8221; button_alignment=&#8221;center&#8221; _builder_version=&#8221;4.0.3&#8243; custom_button=&#8221;on&#8221; button_text_color=&#8221;#003ba3&#8243; button_font=&#8221;Montserrat||||||||&#8221;][\/et_pb_button][\/et_pb_column][\/et_pb_row][\/et_pb_section]<\/p>\n","protected":false},"excerpt":{"rendered":"<p>Greater OrlandoEl equipo de Greater Orlando sale en varias partes de Orlando cada mes para tener la oportunidad de encontrarse con personas en toda la ciudad. Para involucrarse con este equipo, complete nuestro Involucrarse p\u00e1gina.Cuentos del Equipo Para leer m\u00e1s sobre mis encuentros adem\u00e1s del equipo, haga clic aqu\u00ed. Other Orlando Teams<\/p>\n","protected":false},"author":10446,"featured_media":382,"parent":625,"menu_order":0,"comment_status":"closed","ping_status":"closed","template":"","meta":{"_et_pb_use_builder":"on","_et_pb_old_content":"","_et_gb_content_width":"","jetpack_post_was_ever_published":false,"footnotes":""},"class_list":["post-652","page","type-page","status-publish","has-post-thumbnail","hentry"],"jetpack_shortlink":"https:\/\/wp.me\/PaZVtd-aw","jetpack_sharing_enabled":true,"jetpack_likes_enabled":true,"_links":{"self":[{"href":"https:\/\/streetevangelization.com\/hiromoto\/wp-json\/wp\/v2\/pages\/652","targetHints":{"allow":["GET"]}}],"collection":[{"href":"https:\/\/streetevangelization.com\/hiromoto\/wp-json\/wp\/v2\/pages"}],"about":[{"href":"https:\/\/streetevangelization.com\/hiromoto\/wp-json\/wp\/v2\/types\/page"}],"author":[{"embeddable":true,"href":"https:\/\/streetevangelization.com\/hiromoto\/wp-json\/wp\/v2\/users\/10446"}],"replies":[{"embeddable":true,"href":"https:\/\/streetevangelization.com\/hiromoto\/wp-json\/wp\/v2\/comments?post=652"}],"version-history":[{"count":4,"href":"https:\/\/streetevangelization.com\/hiromoto\/wp-json\/wp\/v2\/pages\/652\/revisions"}],"predecessor-version":[{"id":882,"href":"https:\/\/streetevangelization.com\/hiromoto\/wp-json\/wp\/v2\/pages\/652\/revisions\/882"}],"up":[{"embeddable":true,"href":"https:\/\/streetevangelization.com\/hiromoto\/wp-json\/wp\/v2\/pages\/625"}],"wp:featuredmedia":[{"embeddable":true,"href":"https:\/\/streetevangelization.com\/hiromoto\/wp-json\/wp\/v2\/media\/382"}],"wp:attachment":[{"href":"https:\/\/streetevangelization.com\/hiromoto\/wp-json\/wp\/v2\/media?parent=652"}],"curies":[{"name":"wp","href":"https:\/\/api.w.org\/{rel}","templated":true}]}}