{"id":668,"date":"2019-11-23T19:07:23","date_gmt":"2019-11-23T19:07:23","guid":{"rendered":"http:\/\/streetevangelization.com\/hiromoto\/?page_id=668"},"modified":"2019-12-09T20:19:49","modified_gmt":"2019-12-09T20:19:49","slug":"evangelizacion","status":"publish","type":"page","link":"https:\/\/streetevangelization.com\/hiromoto\/es\/evangelizacion\/","title":{"rendered":"Evangelizaci\u00f3n"},"content":{"rendered":"<p>[et_pb_section fb_built=&#8221;1&#8243; _builder_version=&#8221;3.22&#8243; custom_padding=&#8221;92px||4px|||&#8221;][et_pb_row _builder_version=&#8221;3.25&#8243; background_size=&#8221;initial&#8221; background_position=&#8221;top_left&#8221; background_repeat=&#8221;repeat&#8221; custom_padding=&#8221;4px||2px|||&#8221;][et_pb_column type=&#8221;4_4&#8243; _builder_version=&#8221;3.25&#8243; custom_padding=&#8221;|||&#8221; custom_padding__hover=&#8221;|||&#8221;][et_pb_text _builder_version=&#8221;4.0.6&#8243; header_font=&#8221;Karla|700||on|||||&#8221; header_font_size=&#8221;42px&#8221; header_letter_spacing=&#8221;2px&#8221; header_line_height=&#8221;1.1em&#8221; custom_margin=&#8221;||12px|||&#8221;]<\/p>\n<h1>Evangelizaci\u00f3n<\/h1>\n<p>[\/et_pb_text][et_pb_text _builder_version=&#8221;4.0.6&#8243; background_size=&#8221;initial&#8221; background_position=&#8221;top_left&#8221; background_repeat=&#8221;repeat&#8221; custom_margin=&#8221;-2px|||||&#8221;]<\/p>\n<p>Despu\u00e9s de su resurrecci\u00f3n, Jes\u00fas dio a sus ap\u00f3stoles una orden solemne: &#8220;Ve &#8230; y haz disc\u00edpulos a todas las naciones, bautiz\u00e1ndolos en el nombre del Padre y del Hijo y del Esp\u00edritu Santo, ense\u00f1\u00e1ndoles a observar todo lo que te he mandado. &#8220;(Mateo 28: 19-20, RSVCE). La evangelizaci\u00f3n est\u00e1 cumpliendo este mandato; Es el proceso por el cual los disc\u00edpulos de Jesucristo hacen nuevos disc\u00edpulos de Jesucristo.<\/p>\n<p>[\/et_pb_text][\/et_pb_column][\/et_pb_row][\/et_pb_section][et_pb_section fb_built=&#8221;1&#8243; _builder_version=&#8221;4.0.2&#8243; custom_padding=&#8221;5px|||||&#8221;][et_pb_row _builder_version=&#8221;4.0.2&#8243; background_image=&#8221;http:\/\/streetevangelization.com\/hiromoto\/files\/2019\/08\/IMG_0058.jpg&#8221; custom_margin=&#8221;15px|auto||auto||&#8221; custom_padding=&#8221;38px|||||&#8221;][et_pb_column type=&#8221;4_4&#8243; _builder_version=&#8221;4.0.2&#8243;][et_pb_text _builder_version=&#8221;4.0.6&#8243; header_2_font=&#8221;Karla|700|||||||&#8221; header_2_text_align=&#8221;center&#8221; header_2_text_color=&#8221;#ffffff&#8221; background_color=&#8221;rgba(0,0,0,0.66)&#8221; width=&#8221;70%&#8221; module_alignment=&#8221;center&#8221;]<\/p>\n<h2 style=\"text-align: center\">7 \u00a0Hechos Importantes Sobre La Evangelizaci\u00f3n<\/h2>\n<p>[\/et_pb_text][\/et_pb_column][\/et_pb_row][et_pb_row _builder_version=&#8221;4.0.2&#8243;][et_pb_column type=&#8221;4_4&#8243; _builder_version=&#8221;4.0.2&#8243;][et_pb_cta title=&#8221;1. Apost\u00f3lica&#8221; _builder_version=&#8221;4.0.6&#8243; background_color=&#8221;#003ba3&#8243;]<\/p>\n<p><span>La evangelizaci\u00f3n es <em><strong>apost\u00f3lica<\/strong><\/em>: debe hacerse en uni\u00f3n con los ap\u00f3stoles, a quienes el Cristo resucitado les dio directamente la orden de evangelizar. Esto significa que la evangelizaci\u00f3n debe ser fiel a la fe de los ap\u00f3stoles y llevarse a cabo en uni\u00f3n con sus sucesores, los obispos de la Iglesia Cat\u00f3lica. No predicamos un Cristo que hemos inventado, sino el que predic\u00f3 con la autoridad de testigos oculares.<\/span><\/p>\n<p>[\/et_pb_cta][et_pb_cta title=&#8221;2. Todos Fieles&#8221; _builder_version=&#8221;4.0.6&#8243; background_color=&#8221;#f9f7f0&#8243; background_layout=&#8221;light&#8221;]<\/p>\n<p><span>La evangelizaci\u00f3n es<em><strong> para todos los fieles<\/strong><\/em>. No es solo para sacerdotes y religiosos. Si est\u00e1 comprometido a vivir a la luz de las ense\u00f1anzas de Cristo y a acercarse a \u00c9l a trav\u00e9s de la oraci\u00f3n (diaria), ya est\u00e1s llamado a evangelizar de alguna forma. \u00a1No tengas miedo! \u00a1El Esp\u00edritu de Dios te equipar\u00e1 para la misi\u00f3n!<\/span><\/p>\n<p>[\/et_pb_cta][et_pb_cta title=&#8221;3. Dirigido A Todos&#8221; _builder_version=&#8221;4.0.6&#8243; background_color=&#8221;#003ba3&#8243;]<\/p>\n<p><span>La evangelizaci\u00f3n est\u00e1 <em><strong>dirigida a todos<\/strong><\/em>. Hablando estrictamente, la evangelizaci\u00f3n es compartir el Evangelio con aquellos que nunca lo han escuchado, haciendo disc\u00edpulos de aquellos que no son. Pero en nuestro tiempo, hay grandes grupos de personas que pueden ser bautizadas, y en cierto sentido culturalmente cat\u00f3licas, pero que no practican la fe ni tienen una relaci\u00f3n viva con Jes\u00fas. Debido a que esta situaci\u00f3n requiere de nosotros nuevos m\u00e9todos y un ardor renovado, el Papa Juan Pablo II nos llam\u00f3 a una &#8220;<em>Nueva Evangelizaci\u00f3n<\/em>&#8220;. Un tercer tipo de actividad no es t\u00e9cnicamente la evangelizaci\u00f3n, sino que est\u00e1 estrechamente relacionada con ella: nuestros esfuerzos para atraer a nuestros hermanos cristianos que no son cat\u00f3lico en plena comuni\u00f3n con la \u00fanica Iglesia que Cristo fund\u00f3. En todos los casos, el objetivo es llevar a las personas a una mayor unidad con Dios.<\/span><\/p>\n<p>[\/et_pb_cta][et_pb_cta title=&#8221;4. Centrado en Cristo&#8221; _builder_version=&#8221;4.0.6&#8243; background_color=&#8221;#f9f7f0&#8243; background_layout=&#8221;light&#8221;]<\/p>\n<p><span>La evangelizaci\u00f3n est\u00e1 <em><strong>centrada en Cristo<\/strong><\/em>. Jesucristo es &#8220;el camino, la verdad y la vida&#8221;. Predicamos al Cristo crucificado y resucitado. No predicamos un c\u00f3digo moral, un m\u00e9todo espiritual o una doctrina religiosa, excepto en la medida en que provienen <strong>de \u00c9l<\/strong>. No predicamos los sacramentos, los santos o la Iglesia, excepto en la medida en que lo reflejan o lo comunican <strong>a \u00c9l<\/strong> . Ciertamente no nos predicamos a nosotros mismos; porque somos simplemente ollas de barro. La olla no importa, solo el precioso tesoro que hay a dentro.<\/span><\/p>\n<p>[\/et_pb_cta][et_pb_cta title=&#8221;5. Lleno De Esp\u00edritu&#8221; _builder_version=&#8221;4.0.6&#8243; background_color=&#8221;#003ba3&#8243;]<\/p>\n<p><span>La evangelizaci\u00f3n est\u00e1 <em><strong>llena del Esp\u00edritu<\/strong><\/em>. Est\u00e1 construido sobre la oraci\u00f3n, lo que permite que el Esp\u00edritu de Dios se mueva m\u00e1s libremente dentro de nosotros. Hace uso de los regalos carism\u00e1ticos que se nos han dado en el Bautismo y la Confirmaci\u00f3n. \u00bfQuiz\u00e1s tiene un don especial para el servicio, el aliento, la exhortaci\u00f3n, la sabidur\u00eda, el conocimiento o la oraci\u00f3n? Busca descubrir tus dones espirituales. En tus esfuerzos por evangelizar, conc\u00e9ntrate en hacer lo que mejor haces<\/span><\/p>\n<p>[\/et_pb_cta][et_pb_cta title=&#8221;6. Mente y Corazon&#8221; _builder_version=&#8221;4.0.6&#8243; background_color=&#8221;#f9f7f0&#8243; background_layout=&#8221;light&#8221;]<\/p>\n<p><span>La evangelizaci\u00f3n <em><strong>proviene de la mente y el coraz\u00f3n<\/strong><\/em>. Muchas veces la evangelizaci\u00f3n m\u00e1s efectiva ocurre cuando compartes c\u00f3mo Cristo y su Iglesia han cambiado tu vida personalmente, y cuando tu amor por \u00c9l es evidente: &#8220;<em>El coraz\u00f3n habla al coraz\u00f3n<\/em>&#8220;. Muchas otras veces, tenemos que usar la explicaci\u00f3n razonada y la defensa de la fe. para. El estudio de tal explicaci\u00f3n y defensa se llama &#8220;<em>Apolog\u00e9tica Cristiana<\/em>&#8220;.<\/span><\/p>\n<p>[\/et_pb_cta][et_pb_cta title=&#8221;7. Amoroso&#8221; _builder_version=&#8221;4.0.6&#8243; background_color=&#8221;#003ba3&#8243;]<\/p>\n<p><span>La evangelizaci\u00f3n es <em><strong>amorosa<\/strong><\/em>. \u00a1No te olvides de esto! Todos nuestros esfuerzos evangelizadores deben estar infundidos con el Don de la Divina Caridad: \u201c<em>El amor es paciente y amable; el amor no es celoso ni jactancioso; No es arrogante ni grosero. &#8230; El amor lleva todas las cosas, cree todas las cosas, espera todas las cosas, soporta todas las cosas<\/em> &#8220;(1 Cor. 13: 4-5,7). Ora por caridad. Act\u00faa desde eso.<\/span><\/p>\n<p>[\/et_pb_cta][et_pb_text _builder_version=&#8221;4.0.6&#8243; text_font_size=&#8221;16px&#8221; link_text_color=&#8221;#003ba3&#8243; custom_padding=&#8221;20px||||false|false&#8221;]<\/p>\n<p><strong>Si haces evangelizaci\u00f3n callejera, deja que los siete hechos informen tus esfuerzos. Y recuerda, \u00a1la experiencia es la mejor maestra! Si no sabes una respuesta a una pregunta, no tengas miedo de decir &#8220;\u00a1No s\u00e9 la respuesta a eso, pero lo averiguar\u00e9 y me pondr\u00e9 en contacto con usted!&#8221; Estudie la fe y la Apologia. Profundiza tu vida de oraci\u00f3n. Toma a San Pablo como tu patr\u00f3n. Echa un vistazo a la enc\u00edclica del papa Pablo VI, <a href=\"http:\/\/www.vatican.va\/content\/paul-vi\/es\/apost_exhortations\/documents\/hf_p-vi_exh_19751208_evangelii-nuntiandi.html\" target=\"_blank\" rel=\"noopener noreferrer\">Evangelii Nuntiandi<\/a> y la enc\u00edclica <a href=\"http:\/\/www.vatican.va\/content\/john-paul-ii\/es\/encyclicals\/documents\/hf_jp-ii_enc_07121990_redemptoris-missio.html\" target=\"_blank\" rel=\"noopener noreferrer\">Redemptoris Missio<\/a> del papa Juan Pablo II. Para obtener m\u00e1s informaci\u00f3n sobre nuestro enfoque, <a href=\"https:\/\/streetevangelization.com\/what-we-do\/\" target=\"_blank\" rel=\"noopener noreferrer\">siga este enlace<\/a>.<\/strong><\/p>\n<p>[\/et_pb_text][\/et_pb_column][\/et_pb_row][\/et_pb_section][et_pb_section fb_built=&#8221;1&#8243; disabled_on=&#8221;off|off|off&#8221; _builder_version=&#8221;4.0.7&#8243; background_color=&#8221;#f9f7f0&#8243; custom_padding=&#8221;3px|||||&#8221; hover_enabled=&#8221;0&#8243;][et_pb_row _builder_version=&#8221;4.0.2&#8243;][et_pb_column type=&#8221;4_4&#8243; _builder_version=&#8221;4.0.2&#8243;][et_pb_text _builder_version=&#8221;4.0.6&#8243; header_2_font=&#8221;Karla|700|||on||||&#8221; header_2_font_size=&#8221;38px&#8221;]<\/p>\n<h2 style=\"text-align: center\">Recursos sobre Evangelizaci\u00f3n y Apolog\u00e9tica<\/h2>\n<p>[\/et_pb_text][\/et_pb_column][\/et_pb_row][et_pb_row _builder_version=&#8221;4.0.2&#8243; custom_padding=&#8221;||2px|||&#8221;][et_pb_column type=&#8221;4_4&#8243; _builder_version=&#8221;4.0.2&#8243;][et_pb_text _builder_version=&#8221;4.0.7&#8243; header_3_font=&#8221;Karla|700|||||||&#8221; header_3_font_size=&#8221;35px&#8221; hover_enabled=&#8221;0&#8243;]<\/p>\n<h3 style=\"text-align: center\">Art\u00edculos<\/h3>\n<p>[\/et_pb_text][\/et_pb_column][\/et_pb_row][et_pb_row _builder_version=&#8221;4.0.2&#8243; width=&#8221;54.9%&#8221;][et_pb_column type=&#8221;4_4&#8243; _builder_version=&#8221;4.0.2&#8243;][et_pb_button button_url=&#8221;https:\/\/www.revistaecclesia.com\/rino-fisichella-el-valor-de-la-evangelizacion-nos-invita-a-seguir-nuevos-caminos\/&#8221; url_new_window=&#8221;on&#8221; button_text=&#8221;Nuevos Caminos&#8221; button_alignment=&#8221;center&#8221; _builder_version=&#8221;4.0.7&#8243; custom_button=&#8221;on&#8221; button_text_color=&#8221;#f9f7f0&#8243; button_bg_color=&#8221;#003ba3&#8243; button_font=&#8221;Montserrat||||||||&#8221; hover_enabled=&#8221;0&#8243;][\/et_pb_button][\/et_pb_column][\/et_pb_row][et_pb_row _builder_version=&#8221;4.0.2&#8243; custom_padding=&#8221;||4px|||&#8221;][et_pb_column type=&#8221;4_4&#8243; _builder_version=&#8221;4.0.2&#8243;][et_pb_text _builder_version=&#8221;4.0.2&#8243; header_3_font=&#8221;Karla|700|||||||&#8221; header_3_font_size=&#8221;35px&#8221;]<\/p>\n<h3 style=\"text-align: center\">Podcasts<\/h3>\n<p>[\/et_pb_text][\/et_pb_column][\/et_pb_row][et_pb_row column_structure=&#8221;1_3,1_3,1_3&#8243; _builder_version=&#8221;4.0.2&#8243; width=&#8221;48%&#8221;][et_pb_column type=&#8221;1_3&#8243; _builder_version=&#8221;4.0.2&#8243;][et_pb_button button_url=&#8221;https:\/\/us.ivoox.com\/es\/podcast-apologetica-catolica_sq_f146991_1.html&#8221; url_new_window=&#8221;on&#8221; button_text=&#8221;Osvaldo Rios&#8221; button_alignment=&#8221;center&#8221; _builder_version=&#8221;4.0.7&#8243; custom_button=&#8221;on&#8221; button_text_color=&#8221;#003ba3&#8243; button_font=&#8221;Montserrat||||||||&#8221; hover_enabled=&#8221;0&#8243;][\/et_pb_button][\/et_pb_column][et_pb_column type=&#8221;1_3&#8243; _builder_version=&#8221;4.0.2&#8243;][et_pb_button button_url=&#8221;https:\/\/podcasts.apple.com\/ec\/podcast\/conozca-primero-su-fe-catolica\/id269665395&#8243; url_new_window=&#8221;on&#8221; button_text=&#8221;Padre Pedro N\u00fa\u00f1ez&#8221; button_alignment=&#8221;center&#8221; _builder_version=&#8221;4.0.7&#8243; custom_button=&#8221;on&#8221; button_text_color=&#8221;#003ba3&#8243; button_font=&#8221;Montserrat||||||||&#8221; hover_enabled=&#8221;0&#8243;][\/et_pb_button][\/et_pb_column][et_pb_column type=&#8221;1_3&#8243; _builder_version=&#8221;4.0.2&#8243;][et_pb_button button_text=&#8221;El Plan D&#8221; _builder_version=&#8221;4.0.7&#8243; button_url=&#8221;https:\/\/anchor.fm\/el-plan-d\/episodes\/EP-29-Jess-entre-otros-dioses-e57c62&#8243; hover_enabled=&#8221;0&#8243; custom_button=&#8221;on&#8221; button_font=&#8221;Montserrat||||||||&#8221; button_text_color=&#8221;#003ba3&#8243; button_alignment=&#8221;center&#8221;][\/et_pb_button][\/et_pb_column][\/et_pb_row][et_pb_row _builder_version=&#8221;4.0.2&#8243;][et_pb_column type=&#8221;4_4&#8243; _builder_version=&#8221;4.0.2&#8243;][et_pb_text _builder_version=&#8221;4.0.7&#8243; header_3_font=&#8221;Karla|700|||||||&#8221; header_3_font_size=&#8221;35px&#8221; hover_enabled=&#8221;0&#8243;]<\/p>\n<h3 style=\"text-align: center\">Otros Sitios Web\u00a0<\/h3>\n<p>[\/et_pb_text][\/et_pb_column][\/et_pb_row][et_pb_row column_structure=&#8221;1_4,1_4,1_4,1_4&#8243; _builder_version=&#8221;4.0.2&#8243;][et_pb_column type=&#8221;1_4&#8243; _builder_version=&#8221;4.0.2&#8243;][et_pb_cta title=&#8221;Escuela De Biblia&#8221; url_new_window=&#8221;on&#8221; _builder_version=&#8221;4.0.7&#8243; background_color=&#8221;rgba(0,0,0,0.66)&#8221; custom_padding=&#8221;|20px|7px|20px||&#8221; link_option_url=&#8221;http:\/\/www.escueladebiblia.com&#8221; link_option_url_new_window=&#8221;on&#8221; hover_enabled=&#8221;0&#8243; box_shadow_style=&#8221;preset1&#8243; box_shadow_blur=&#8221;30px&#8221; box_shadow_position_last_edited=&#8221;off|desktop&#8221; button_text__hover_enabled=&#8221;off|desktop&#8221; background__hover_enabled=&#8221;on|desktop&#8221; background_color__hover=&#8221;rgba(0,59,163,0.92)&#8221; background_enable_color__hover=&#8221;on&#8221; box_shadow_blur__hover_enabled=&#8221;on|desktop&#8221; box_shadow_blur__hover=&#8221;50px&#8221;]<\/p>\n<p><span>Padre Louis Toro tiene un sitio web para aprender sobre la fe desde la biblia. Desde su misma ordenaci\u00f3n sacerdotal se ha dedicado con infatigable entrega a la realizaci\u00f3n de talleres, audios, videos y debates con temas de Apolog\u00e9tica.\u00a0<\/span><span>Actualmente es Misionero Internacional de la Misericordia enviado por su Santidad el Papa Francisco.<\/span><\/p>\n<p>[\/et_pb_cta][\/et_pb_column][et_pb_column type=&#8221;1_4&#8243; _builder_version=&#8221;4.0.2&#8243;][et_pb_cta title=&#8221;Ediciones Sigueme&#8221; url_new_window=&#8221;on&#8221; _builder_version=&#8221;4.0.7&#8243; background_color=&#8221;rgba(0,0,0,0.66)&#8221; custom_padding=&#8221;|15px|2px|17px||&#8221; link_option_url=&#8221;http:\/\/www.sigueme.es\/index.html&#8221; link_option_url_new_window=&#8221;on&#8221; hover_enabled=&#8221;0&#8243; box_shadow_style=&#8221;preset1&#8243; box_shadow_blur=&#8221;30px&#8221; background__hover_enabled=&#8221;on|desktop&#8221; background_color__hover=&#8221;#003ba3&#8243; background_enable_color__hover=&#8221;on&#8221; box_shadow_blur__hover_enabled=&#8221;on|desktop&#8221; box_shadow_blur__hover=&#8221;50px&#8221;]<\/p>\n<p><span>Ediciones S\u00edgueme, Premio Nacional a la Mejor Labor Editorial Cultural 2005, es un proyecto editorial de inspiraci\u00f3n cristiana que trata de participar en la creaci\u00f3n de una cultura m\u00e1s plenamente humana, fraterna, universal y sensible a la trascendencia.\u00a0<\/span>Desde sus or\u00edgenes hasta nuestros d\u00edas se han publicado casi dos mil t\u00edtulos, que representan un valioso servicio a la Iglesia, la sociedad y la cultura en lengua espa\u00f1ola. Ediciones <em>S\u00edgueme<\/em> pertenece a la Hermandad de Sacerdotes Operarios Diocesanos.<\/p>\n<p>[\/et_pb_cta][\/et_pb_column][et_pb_column type=&#8221;1_4&#8243; _builder_version=&#8221;4.0.2&#8243;][et_pb_cta title=&#8221;En Familia Radio&#8221; _builder_version=&#8221;4.0.7&#8243; background_color=&#8221;rgba(0,0,0,0.66)&#8221; custom_padding=&#8221;|18px|0px|19px||&#8221; link_option_url=&#8221;www.enfamiliamedios.org&#8221; link_option_url_new_window=&#8221;on&#8221; hover_enabled=&#8221;0&#8243; box_shadow_style=&#8221;preset1&#8243; box_shadow_blur=&#8221;30px&#8221; background__hover_enabled=&#8221;on|desktop&#8221; background_color__hover=&#8221;#003ba3&#8243; background_enable_color__hover=&#8221;on&#8221; box_shadow_blur__hover_enabled=&#8221;on|desktop&#8221; box_shadow_blur__hover=&#8221;50px&#8221;]<\/p>\n<p>Radio desde Pheonix, AZ con recursos de Apolog\u00e9tica. Cuenta con apologistas como Jesse Romero y <span>Padre\u00a0Jos\u00e9\u00a0Rom\u00e1n Flecha.<\/span><\/p>\n<p>[\/et_pb_cta][\/et_pb_column][et_pb_column type=&#8221;1_4&#8243; _builder_version=&#8221;4.0.2&#8243;][et_pb_cta title=&#8221;EWTN&#8221; _builder_version=&#8221;4.0.7&#8243; background_color=&#8221;rgba(0,0,0,0.66)&#8221; custom_padding=&#8221;|16px|4px|16px||&#8221; link_option_url=&#8221;https:\/\/www.ewtn.com\/espanol\/index.asp&#8221; link_option_url_new_window=&#8221;on&#8221; hover_enabled=&#8221;0&#8243; box_shadow_style=&#8221;preset1&#8243; box_shadow_blur=&#8221;30px&#8221; background__hover_enabled=&#8221;on|desktop&#8221; background_color__hover=&#8221;#003ba3&#8243; background_enable_color__hover=&#8221;on&#8221; box_shadow_blur__hover_enabled=&#8221;on|desktop&#8221; box_shadow_blur__hover=&#8221;50px&#8221;]<\/p>\n<p>EWTN\u00a0es una red de radio y televisi\u00f3n que se transmite en todo el mundo. Proporciona informaci\u00f3n sobre la apolog\u00e9tica. Tambi\u00e9n se puede descargar con su nueva aplicaci\u00f3n.<\/p>\n<p>[\/et_pb_cta][\/et_pb_column][\/et_pb_row][\/et_pb_section]<\/p>\n","protected":false},"excerpt":{"rendered":"<p>Evangelizaci\u00f3nDespu\u00e9s de su resurrecci\u00f3n, Jes\u00fas dio a sus ap\u00f3stoles una orden solemne: &#8220;Ve &#8230; y haz disc\u00edpulos a todas las naciones, bautiz\u00e1ndolos en el nombre del Padre y del Hijo y del Esp\u00edritu Santo, ense\u00f1\u00e1ndoles a observar todo lo que te he mandado. &#8220;(Mateo 28: 19-20, RSVCE). La evangelizaci\u00f3n est\u00e1 cumpliendo este mandato; Es el [&hellip;]<\/p>\n","protected":false},"author":10446,"featured_media":0,"parent":0,"menu_order":0,"comment_status":"closed","ping_status":"closed","template":"","meta":{"_et_pb_use_builder":"on","_et_pb_old_content":"","_et_gb_content_width":"","jetpack_post_was_ever_published":false,"footnotes":""},"class_list":["post-668","page","type-page","status-publish","hentry"],"jetpack_shortlink":"https:\/\/wp.me\/PaZVtd-aM","jetpack_sharing_enabled":true,"jetpack_likes_enabled":true,"_links":{"self":[{"href":"https:\/\/streetevangelization.com\/hiromoto\/wp-json\/wp\/v2\/pages\/668","targetHints":{"allow":["GET"]}}],"collection":[{"href":"https:\/\/streetevangelization.com\/hiromoto\/wp-json\/wp\/v2\/pages"}],"about":[{"href":"https:\/\/streetevangelization.com\/hiromoto\/wp-json\/wp\/v2\/types\/page"}],"author":[{"embeddable":true,"href":"https:\/\/streetevangelization.com\/hiromoto\/wp-json\/wp\/v2\/users\/10446"}],"replies":[{"embeddable":true,"href":"https:\/\/streetevangelization.com\/hiromoto\/wp-json\/wp\/v2\/comments?post=668"}],"version-history":[{"count":6,"href":"https:\/\/streetevangelization.com\/hiromoto\/wp-json\/wp\/v2\/pages\/668\/revisions"}],"predecessor-version":[{"id":774,"href":"https:\/\/streetevangelization.com\/hiromoto\/wp-json\/wp\/v2\/pages\/668\/revisions\/774"}],"wp:attachment":[{"href":"https:\/\/streetevangelization.com\/hiromoto\/wp-json\/wp\/v2\/media?parent=668"}],"curies":[{"name":"wp","href":"https:\/\/api.w.org\/{rel}","templated":true}]}}